{"id":11018,"date":"2026-03-13T16:18:00","date_gmt":"2026-03-13T14:18:00","guid":{"rendered":"https:\/\/www3.blomqvistplantskola.com\/?post_type=product&#038;p=11018"},"modified":"2026-03-29T09:11:16","modified_gmt":"2026-03-29T07:11:16","slug":"fikon-san-pedro-fikonficus-carica-king-desert-king","status":"publish","type":"product","link":"https:\/\/www3.blomqvistplantskola.com\/fi\/product\/fikon-san-pedro-fikonficus-carica-king-desert-king\/","title":{"rendered":"<b>Viikuna \/ San Pedro viikuna<\/b><br>Ficus carica `King\u00b4 (`Desert King\u00b4)"},"content":{"rendered":"<p>Tukeva taimi 9cm:n ruukussa, piiskataimi 45+ cm<\/p>","protected":false},"excerpt":{"rendered":"<div>\n<div class=\"ProductInformationstyled__Container-sc-9kq8h3-0 kVffTa\">\n<div class=\"ProductInformationstyled__Description-sc-9kq8h3-2 jAmWgo\">Koristeellinen, rehev\u00e4kasvuinen viikuna, jonka suuret vihre\u00e4t lehdet saavat kauniin kullankeltaisen syysv\u00e4rin. Kukat ovat heikosti erottuvat, vihre\u00e4t. Hedelm\u00e4t ovat kellanvihre\u00e4t (40-50g), makeat, aromikkaat, hedelm\u00e4liha punaliilaa, siemeni\u00e4 melko v\u00e4h\u00e4n. Voi vaatia kaksi kasvukauttaa, jotta raakile kypsyy satokyps\u00e4ksi hedelm\u00e4ksi. Itsep\u00f6lyttyv\u00e4.<br \/>\nTrivs i full sol p\u00e5 varma, skyddade platser med v\u00e4ldr\u00e4nerad och mullrik jord. Krukodling kan vinterf\u00f6rvaras m\u00f6rkt och kallt (frostfritt\/t\u00e4ckt) eftersom den \u00e4r l\u00f6vf\u00e4llande, g\u00e4rna ljust l\u00e4ge igen fr\u00e5n februari. Sorten kan \u00f6vervintra utomhus i svenska v\u00e4xtzon 1 p\u00e5 skyddad v\u00e4xtplats. Skott p\u00e5 unga plantor kan frysa ned, men v\u00e4xten brukar spira bar fr\u00e5n roten igen. Vinterh\u00e4rdigheten blir b\u00e4ttre n\u00e4r plantan blir \u00e4ldre. Underh\u00e5llsbesk\u00e4rning efter sk\u00f6rd \/ p\u00e5 senvintern f\u00f6r att f\u00e5 ett kompaktare v\u00e4xts\u00e4tt och stimulera frukts\u00e4ttning. Fikon bl\u00f6der l\u00e4tt och en ev. h\u00e5rdare besk\u00e4rning b\u00f6r d\u00e4rf\u00f6r g\u00f6ras under viloperiod.<\/div>\n<\/div>\n<\/div>\n<p><strong>Vy\u00f6hyke: <\/strong>FI ?. SE 1-(2). Kasvihuoneessa FI 1-2\/3. SE 1-4\/5.<br \/>\n<strong>Korkeus: <\/strong>1,5-4 m<\/p>","protected":false},"featured_media":0,"template":"","meta":[],"product_brand":[],"product_cat":[248],"product_tag":[],"class_list":{"0":"post-11018","1":"product","2":"type-product","3":"status-publish","5":"product_cat-barvaxter","6":"product_shipping_class-postpaket","8":"first","9":"instock","10":"taxable","11":"shipping-taxable","12":"purchasable","13":"product-type-simple"},"_links":{"self":[{"href":"https:\/\/www3.blomqvistplantskola.com\/fi\/wp-json\/wp\/v2\/product\/11018","targetHints":{"allow":["GET"]}}],"collection":[{"href":"https:\/\/www3.blomqvistplantskola.com\/fi\/wp-json\/wp\/v2\/product"}],"about":[{"href":"https:\/\/www3.blomqvistplantskola.com\/fi\/wp-json\/wp\/v2\/types\/product"}],"wp:attachment":[{"href":"https:\/\/www3.blomqvistplantskola.com\/fi\/wp-json\/wp\/v2\/media?parent=11018"}],"wp:term":[{"taxonomy":"product_brand","embeddable":true,"href":"https:\/\/www3.blomqvistplantskola.com\/fi\/wp-json\/wp\/v2\/product_brand?post=11018"},{"taxonomy":"product_cat","embeddable":true,"href":"https:\/\/www3.blomqvistplantskola.com\/fi\/wp-json\/wp\/v2\/product_cat?post=11018"},{"taxonomy":"product_tag","embeddable":true,"href":"https:\/\/www3.blomqvistplantskola.com\/fi\/wp-json\/wp\/v2\/product_tag?post=11018"}],"curies":[{"name":"wp","href":"https:\/\/api.w.org\/{rel}","templated":true}]}}

<div>
<div class="ProductInformationstyled__Container-sc-9kq8h3-0 kVffTa">
<div class="ProductInformationstyled__Description-sc-9kq8h3-2 jAmWgo">Koristeellinen, reheväkasvuinen viikuna, jonka suuret vihreät lehdet saavat kauniin kullankeltaisen syysvärin. Kukat ovat heikosti erottuvat, vihreät. Hedelmät ovat kellanvihreät (40-50g), makeat, aromikkaat, hedelmäliha punaliilaa, siemeniä melko vähän. Voi vaatia kaksi kasvukauttaa, jotta raakile kypsyy satokypsäksi hedelmäksi. Itsepölyttyvä.<br />
Trivs i full sol på varma, skyddade platser med väldränerad och mullrik jord. Krukodling kan vinterförvaras mörkt och kallt (frostfritt/täckt) eftersom den är lövfällande, gärna ljust läge igen från februari. Sorten kan övervintra utomhus i svenska växtzon 1 på skyddad växtplats. Skott på unga plantor kan frysa ned, men växten brukar spira bar från roten igen. Vinterhärdigheten blir bättre när plantan blir äldre. Underhållsbeskärning efter skörd / på senvintern för att få ett kompaktare växtsätt och stimulera fruktsättning. Fikon blöder lätt och en ev. hårdare beskärning bör därför göras under viloperiod.</div>
</div>
</div>
<p><strong>Vyöhyke: </strong>FI ?. SE 1-(2). Kasvihuoneessa FI 1-2/3. SE 1-4/5.<br />
<strong>Korkeus: </strong>1,5-4 m</p>
